6.
2, 11, 197
List the prime factors of 145.
5, 29
List the prime factors of 4861.
4861
What are the prime factors of 876?
2, 3, 73
What are the prime factors of 15953?
7, 43, 53
What are the prime factors of 41820?
2, 3, 5, 17, 41
What are the prime factors of 64911?
3, 7, 11, 281
What are the prime factors of 1749?
3, 11, 53
What are the prime factors of 51095?
5, 11, 929
List the prime factors of 2443.
7, 349
What are the prime factors of 4568?
2, 571
List the prime factors of 9147.
3, 3049
What are the prime factors of 17?
17
What are the prime factors of 3010?
2, 5, 7, 43
What are the prime factors of 113384?
2, 14173
List the prime factors of 113299.
137, 827
List the prime factors of 22108.
2, 5527
List the prime factors of 6071.
13, 467
What are the prime factors of 1130?
2, 5, 113
List the prime factors of 2311.
2311
What are the prime factors of 2045?
5, 409
List the prime factors of 3751.
11, 31
What are the prime factors of 1181?
1181
List the prime factors of 1240.
2, 5, 31
What are the prime factors of 2801?
2801
List the prime factors of 2090.
2, 5, 11, 19
List the prime factors of 492.
2, 3, 41
List the prime factors of 1016.
2, 127
List the prime factors of 1171.
1171
List the prime factors of 79.
79
List the prime factors of 2129.
2129
What are the prime factors of 1372?
2, 7
What are the prime factors of 5752?
2, 719
What are the prime factors of 3178?
2, 7, 227
List the prime factors of 2673.
3, 11
What are the prime factors of 11201?
23, 487
What are the prime factors of 904?
2, 113
What are the prime factors of 5379?
3, 11, 163
List the prime factors of 3123.
3, 347
List the prime factors of 12882.
2, 3, 19, 113
What are the prime factors of 5145?
3, 5, 7
List the prime factors of 159260.
2, 5, 7963
List the prime factors of 691.
691
List the prime factors of 695.
5, 139
What are the prime factors of 839?
839
What are the prime factors of 78214?
2, 39107
List the prime factors of 9619.
9619
What are the prime factors of 1131?
3, 13, 29
List the prime factors of 6305.
5, 13, 97
What are the prime factors of 66559?
101, 659
What are the prime factors of 163002?
2, 3, 7, 3881
List the prime factors of 22344.
2, 3, 7, 19
What are the prime factors of 911?
911
List the prime factors of 12143.
12143
What are the prime factors of 58094?
2, 31, 937
What are the prime factors of 4699?
37, 127
What are the prime factors of 27279?
3, 7, 433
What are the prime factors of 41023?
41023
What are the prime factors of 4148?
2, 17, 61
What are the prime factors of 95901?
3, 13, 2459
List the prime factors of 4150.
2, 5, 83
List the prime factors of 1617.
3, 7, 11
List the prime factors of 31622.
2, 97, 163
List the prime factors of 86815.
5, 97, 179
List the prime factors of 504.
2, 3, 7
What are the prime factors of 924?
2, 3, 7, 11
List the prime factors of 554.
2, 277
List the prime factors of 774.
2, 3, 43
List the prime factors of 3666.
2, 3, 13, 47
List the prime factors of 841.
29
What are the prime factors of 19792?
2, 1237
List the prime factors of 4283.
4283
What are the prime factors of 9115?
5, 1823
List the prime factors of 57049.
89, 641
What are the prime factors of 69073?
69073
What are the prime factors of 25462?
2, 29, 439
What are the prime factors of 7951?
7951
List the prime factors of 8306.
2, 4153
List the prime factors of 6170.
2, 5, 617
List the prime factors of 676.
2, 13
List the prime factors of 66166.
2, 33083
List the prime factors of 3150.
2, 3, 5, 7
List the prime factors of 2088.
2, 3, 29
List the prime factors of 3049.
3049
What are the prime factors of 24327?
3, 17, 53
List the prime factors of 109705.
5, 37, 593
List the prime factors of 6505.
5, 1301
What are the prime factors of 795?
3, 5, 53
What are the prime factors of 28079?
43, 653
List the prime factors of 36745.
5, 7349
List the prime factors of 127954.
2, 63977
What are the prime factors of 55612?
2, 13903
What are the prime factors of 24127?
23, 1049
List the prime factors of 3586.
2, 11, 163
List the prime factors of 81714.
2, 3, 13619
List the prime factors of 14112.
2, 3, 7
List the prime factors of 14632.
2, 31, 59
List the prime factors of 89236.
2, 7, 3187
What are the prime factors of 63862?
2, 37, 863
What are the prime factors of 54407?
41, 1327
What are the prime factors of 2943?
3, 109
What are the prime factors of 56?
2, 7
What are the prime factors of 2239?
2239
List the prime factors of 20519.
17, 71
List the prime factors of 795.
3, 5, 53
List the prime factors of 1485.
3, 5, 11
List the prime factors of 665.
5, 7, 19
What are the prime factors of 10003?
7, 1429
What are the prime factors of 4204?
2, 1051
What are the prime factors of 55011?
3, 11, 1667
What are the prime factors of 2354?
2, 11, 107
List the prime factors of 1842.
2, 3, 307
What are the prime factors of 1492?
2, 373
List the prime factors of 765.
3, 5, 17
What are the prime factors of 75899?
71, 1069
List the prime factors of 17068.
2, 17, 251
What are the prime factors of 2872?
2, 359
List the prime factors of 108337.
131, 827
What are the prime factors of 1257?
3, 419
List the prime factors of 1225.
5, 7
What are the prime factors of 2093?
7, 13, 23
List the prime factors of 17969.
7, 17, 151
What are the prime factors of 29032?
2, 19, 191
List the prime factors of 70546.
2, 7, 5039
What are the prime factors of 4969?
4969
What are the prime factors of 1043?
7, 149
What are the prime factors of 45860?
2, 5, 2293
What are the prime factors of 797?
797
List the prime factors of 993.
3, 331
List the prime factors of 33269.
17, 19, 103
What are the prime factors of 9563?
73, 131
List the prime factors of 627.
3, 11, 19
List the prime factors of 711.
3, 79
List the prime factors of 8322.
2, 3, 19, 73
What are the prime factors of 58186?
2, 47, 619
List the prime factors of 19881.
3, 47
What are the prime factors of 115249?
115249
What are the prime factors of 45177?
3, 11, 37
List the prime factors of 13994.
2, 6997
What are the prime factors of 89163?
3, 9907
List the prime factors of 59112.
2, 3, 821
What are the prime factors of 2182?
2, 1091
List the prime factors of 24022.
2, 12011
List the prime factors of 141979.
23, 6173
List the prime factors of 7738.
2, 53, 73
List the prime factors of 13294.
2, 17, 23
What are the prime factors of 437?
19, 23
What are the prime factors of 6909?
3, 7, 47
What are the prime factors of 86549?
23, 53, 71
What are the prime factors of 7865?
5, 11, 13
List the prime factors of 1020.
2, 3, 5, 17
What are the prime factors of 23371?
23371
What are the prime factors of 23272?
2, 2909
What are the prime factors of 2526?
2, 3, 421
What are the prime factors of 46163?
13, 53, 67
What are the prime factors of 98825?
5, 59, 67
What are the prime factors of 1928?
2, 241
What are the prime factors of 2630?
2, 5, 263
List the prime factors of 1285.
5, 257
List the prime factors of 1871.
1871
List the prime factors of 57924.
2, 3, 1609
List the prime factors of 12144.
2, 3, 11, 23
What are the prime factors of 6007?
6007
What are the prime factors of 4439?
23, 193
List the prime factors of 2993.
41, 73
What are the prime factors of 1624?
2, 7, 29
List the prime factors of 58248.
2, 3, 809
What are the prime factors of 232?
2, 29
What are the prime factors of 108557?
108557
What are the prime factors of 736?
2, 23
List the prime factors of 102270.
2, 3, 5, 7, 487
What are the prime factors of 3144?
2, 3, 131
List the prime factors of 5258.
2, 11, 239
What are the prime factors of 2087?
2087
List the prime factors of 1383.
3, 461
List the prime factors of 129887.
129887
What are the prime factors of 27425?
5, 1097
What are the prime factors of 1461?
3, 487
What are the prime factors of 51221?
17, 23, 131
List the prime factors of 724.
2, 181
What are the prime factors of 441?
3, 7
List the prime factors of 2131.
2131
List the prime factors of 192598.
2, 7, 13757
What are the prime factors of 4622?
2, 2311
List the prime factors of 1853.
17, 109
List the prime factors of 379.
379
List the prime factors of 16405.
5, 17, 193
What are the prime factors of 24543?
3, 101
What are the prime factors of 332?
2, 83
List the prime factors of 5924.
2, 1481
What are the prime factors of 16870?
2, 5, 7, 241
List the prime factors of 71098.
2, 19, 18